n 13337779 is divided by 701987.
26
Calculate the remainder when 528431 is divided by 132100.
31
Calculate the remainder when 522017 is divided by 1878.
1811
What is the remainder when 46116 is divided by 8837?
1931
Calculate the remainder when 129193 is divided by 4612.
57
Calculate the remainder when 26253 is divided by 6283.
1121
What is the remainder when 1432595 is divided by 72?
11
Calculate the remainder when 1785073 is divided by 162.
157
Calculate the remainder when 546909 is divided by 48.
45
What is the remainder when 115325 is divided by 18041?
7079
Calculate the remainder when 3136255 is divided by 1315.
1295
Calculate the remainder when 1041065 is divided by 148721.
18
What is the remainder when 465571 is divided by 93097?
86
Calculate the remainder when 4077893 is divided by 2711.
549
What is the remainder when 3716284 is divided by 41292?
4
Calculate the remainder when 585851 is divided by 58585.
1
Calculate the remainder when 64961518 is divided by 1560.
1558
What is the remainder when 218592 is divided by 4123?
73
Calculate the remainder when 162861 is divided by 319.
171
What is the remainder when 962141 is divided by 35633?
50
What is the remainder when 166995 is divided by 4531?
3879
Calculate the remainder when 1716641 is divided by 429158.
9
What is the remainder when 3717984 is divided by 413109?
3
Calculate the remainder when 9430854 is divided by 1000.
854
What is the remainder when 17053236 is divided by 20?
16
What is the remainder when 421755 is divided by 13604?
31
Calculate the remainder when 4655365 is divided by 4655358.
7
Calculate the remainder when 199155454 is divided by 679.
1
What is the remainder when 23326276 is divided by 25?
1
Calculate the remainder when 69362 is divided by 61111.
8251
Calculate the remainder when 172628030 is divided by 64.
62
What is the remainder when 47757 is divided by 1521?
606
Calculate the remainder when 423447 is divided by 67.
7
Calculate the remainder when 311204 is divided by 6960.
4964
Calculate the remainder when 90426 is divided by 2825.
26
Calculate the remainder when 12345055 is divided by 671.
668
Calculate the remainder when 62740333 is divided by 15685083.
1
Calculate the remainder when 356142 is divided by 662.
648
What is the remainder when 21965085 is divided by 272?
269
What is the remainder when 61311 is divided by 599?
213
What is the remainder when 93476988 is divided by 8?
4
Calculate the remainder when 95336 is divided by 138.
116
Calculate the remainder when 69627 is divided by 417.
405
Calculate the remainder when 903428 is divided by 64529.
22
What is the remainder when 468354 is divided by 155998?
360
What is the remainder when 332318 is divided by 248?
246
What is the remainder when 3014147 is divided by 15300?
47
What is the remainder when 18636666 is divided by 73?
58
What is the remainder when 172897130 is divided by 9605395?
20
Calculate the remainder when 530758 is divided by 8127.
2503
Calculate the remainder when 2856985 is divided by 2856963.
22
What is the remainder when 151543 is divided by 16081?
6814
Calculate the remainder when 910952 is divided by 3996.
3860
What is the remainder when 883514 is divided by 73624?
26
Calculate the remainder when 854705 is divided by 213669.
29
What is the remainder when 14340315 is divided by 32298?
3
What is the remainder when 346248460 is divided by 7?
5
What is the remainder when 4814952 is divided by 396?
384
Calculate the remainder when 201468538 is divided by 1365.
1363
What is the remainder when 197505137 is divided by 10346?
10343
Calculate the remainder when 761438 is divided by 444.
422
Calculate the remainder when 615173 is divided by 169.
13
What is the remainder when 65797055 is divided by 96?
95
What is the remainder when 221787 is divided by 360?
27
What is the remainder when 120745 is divided by 59499?
1747
Calculate the remainder when 3541291 is divided by 288.
43
What is the remainder when 633325 is divided by 516?
193
Calculate the remainder when 437127837 is divided by 648.
645
What is the remainder when 1598931 is divided by 567?
558
What is the remainder when 10297734 is divided by 10297651?
83
What is the remainder when 259506 is divided by 86387?
345
What is the remainder when 8353798 is divided by 27?
25
What is the remainder when 3124233 is divided by 2443?
2079
Calculate the remainder when 1003496 is divided by 37166.
14
What is the remainder when 1837 is divided by 1290?
547
What is the remainder when 2285851 is divided by 66?
7
Calculate the remainder when 3610734 is divided by 451339.
22
Calculate the remainder when 1840254 is divided by 167287.
97
What is the remainder when 1217064 is divided by 27?
12
Calculate the remainder when 9721154 is divided by 294577.
113
Calculate the remainder when 524681 is divided by 6243.
269
Calculate the remainder when 372684 is divided by 199.
156
Calculate the remainder when 234521 is divided by 225.
71
Calculate the remainder when 173533 is divided by 173344.
189
Calculate the remainder when 519648 is divided by 147.
3
Calculate the remainder when 16504510 is divided by 61.
45
What is the remainder when 2822404 is divided by 12771?
13
What is the remainder when 432336 is divided by 432257?
79
Calculate the remainder when 7446 is divided by 464.
22
Calculate the remainder when 4627230 is divided by 2883.
15
What is the remainder when 8692475 is divided by 79?
26
What is the remainder when 776514 is divided by 77651?
4
What is the remainder when 2001847 is divided by 667279?
10
Calculate the remainder when 2537965 is divided by 140997.
19
What is the remainder when 2265594 is divided by 27?
24
What is the remainder when 3938526 is divided by 1455?
1296
Calculate the remainder when 9298417 is divided by 11.
7
What is the remainder when 90773079 is divided by 570?
9
What is the remainder when 15747744 is divided by 9679?
11
What is the remainder when 5443108 is divided by 699?
694
Calculate the remainder when 414144 is divided by 414056.
88
Calculate the remainder when 479904 is divided by 427.
383
What is the remainder when 225932 is divided by 8689?
18
What is the remainder when 1137333 is divided by 113436?
2973
What is the remainder when 3840162 is divided by 623?
613
Calculate the remainder when 2350557 is divided by 782204.
3945
Calculate the remainder when 76533 is divided by 185.
128
Calculate the remainder when 44478884 is divided by 785.
784
What is the remainder when 115646 is divided by 1169?
1084
Calculate the remainder when 454233 is divided by 61.
27
Calculate the remainder when 43698866 is divided by 38.
6
What is the remainder when 1473063 is divided by 3466?
13
Calculate the remainder when 2652733 is divided by 69.
28
Calculate the remainder when 226623 is divided by 75540.
3
Calculate the remainder when 62993228 is divided by 512140.
8
What is the remainder when 22390 is divided by 550?
390
Calculate the remainder when 276764 is divided by 566.
556
What is the remainder when 3105677 is divided by 1552832?
13
What is the remainder when 2071385 is divided by 47076?
41
What is the remainder when 39071549 is divided by 34?
7
Calculate the remainder when 115742876 is divided by 65244.
20
What is the remainder when 139365 is divided by 571?
41
What is the remainder when 8282356 is divided by 126?
124
Calculate the remainder when 58844 is divided by 75.
44
What is the remainder when 277563 is divided by 942?
615
What is the remainder when 44683560 is divided by 238?
12
What is the remainder when 97696 is divided by 24325?
396
Calculate the remainder when 811662 is divided by 105.
12
Calculate the remainder when 114269 is divided by 1096.
285
Calculate the remainder when 9802341 is divided by 53859.
3
Calculate the remainder when 280808 is divided by 5730.
38
What is the remainder when 1097561 is divided by 16611?
1235
What is the remainder when 7273309 is divided by 227?
2
Calculate the remainder when 485841 is divided by 485833.
8
Calculate the remainder when 538363 is divided by 685.
638
What is the remainder when 1291103 is divided by 1291102?
1
What is the remainder when 663435 is divided by 2328?
2283
What is the remainder when 25453 is divided by 988?
753
What is the remainder when 236435 is divided by 13898?
169
Calcula